me factors of k?
2, 7
Let m(q) = -2*q - 2. Let o(u) = -u**2 - 2*u + 1. Let s be o(-2). Let k(a) = -a. Let n(d) = s*m(d) - 3*k(d). What are the prime factors of n(4)?
2
Suppose 2*b + 0*b = 18. Let n = b + 8. List the prime factors of n.
17
Let c(f) = 2*f + 4. Let l(x) = -2*x - 5. Let m(y) = 5*c(y) + 4*l(y). Let w be m(2). Suppose -2*d - 22 = -w*d. List the prime factors of d.
11
Let y = -2 + 5. Suppose 5*r = -q + 59, 4*r - 33 = r - y*q. What are the prime factors of r?
2, 3
Suppose 17 = 4*c - 91. What are the prime factors of c?
3
Let k = 131 - -32. List the prime factors of k.
163
Let b be (45/10 - 3)*(-8)/6. Let y(g) = -8*g**2 + 3*g + 3. Let n(v) = -17*v**2 + 6*v + 6. Let s(o) = 6*n(o) - 13*y(o). What are the prime factors of s(b)?
11
Let p = 14 - -5. List the prime factors of p.
19
Suppose -4 = 3*g - 1. What are the prime factors of (15*-2)/(1/g)?
2, 3, 5
Suppose 10*y = 15*y - 15. Suppose -y*a = a - 168. List the prime factors of a.
2, 3, 7
Let t(f) = 9*f - 3. Let k be t(2). What are the prime factors of k/(-6)*(-4)/5?
2
Let b be (1 - -1)/((-6)/(-9)). Suppose -2*u - b = -15. Suppose u*m - 20 = 3*m + n, 2*n = -3*m + 14. List the prime factors of m.
2, 3
Let y = -137 - -251. List the prime factors of y.
2, 3, 19
Suppose 0*b - 201 = -x - 3*b, 0 = 2*x + 3*b - 399. List the prime factors of x.
2, 3, 11
Suppose -a = -9*a + 1056. List the prime factors of a.
2, 3, 11
Let d be (-3 + -7)/(-2) + 2. Suppose -3*s = -2 - d. What are the prime factors of s?
3
What are the prime factors of (-386)/(-3) + 1/3?
3, 43
Let z = -38 + 53. What are the prime factors of z?
3, 5
Let f(j) = 6 - 6 + 2*j**2 - 4*j + 6. List the prime factors of f(4).
2, 11
Let g be ((-48)/(-36))/(2/120). Suppose -77 = -5*f - 2*i, -4*f + 5*i - g = -9*f. List the prime factors of f.
3, 5
Suppose -z + 315 = 4*z. List the prime factors of z.
3, 7
Let p(v) = v**3 - 12*v**2 + 12*v + 6. Let z be p(11). Suppose 3*m + z = 68. What are the prime factors of m?
17
Let y(w) be the third derivative of w**5/30 + w**4/12 - w**3/6 - w**2. Let x = -8 + 9. List the prime factors of y(x).
3
Let w(p) = 4*p**2 - 5*p + 2. List the prime factors of w(4).
2, 23
Suppose n - 2*n + 1 = -s, 2*n - 26 = -4*s. Suppose -2*c = 2*c + 2*h - 16, 5*c + 6 = s*h. What are the prime factors of c?
2
Suppose 5*u + 22 + 53 = 0. Let x = u + 9. Let t = 9 + x. What are the prime factors of t?
3
What are the prime factors of -1*(-1 - 2) - (-113 + -2)?
2, 59
Let p(v) = 1 + 0*v**2 + 4*v**3 - 2*v**3 + 4*v**2 - 3*v - 3*v**3. List the prime factors of p(2).
3
Let j be 4/((3 + 3)/3). Let r(x) = 0*x**2 + 3 - 6*x + 5*x**2 - 4*x**j - 2*x**2. What are the prime factors of r(-6)?
3
Suppose -2*v - 2*j - 16 = 0, 3*v + 2*v + 40 = j. Let o(s) = -s**3 - 7*s**2 + 5*s - 8. Let k be o(v). Let c = 0 + k. What are the prime factors of c?
2
Let y be ((-4)/3 - -1)*-9. Suppose -3*l = -0*l + n + y, -4*l = 5*n + 15. Suppose 4 = j - l. List the prime factors of j.
2
Let b be ((-5)/15)/(2/(-12)). What are the prime factors of (-1)/(2/(-13))*b?
13
Let z = -3 + 6. Suppose -j + z = -2*j. Let a = 11 + j. List the prime factors of a.
2
Suppose -2*y = -y + 3. List the prime factors of 2*y/6*-5.
5
Let n = -133 - -262. List the prime factors of n.
3, 43
Let i be (-2)/3 - (-861)/9. Suppose n - 6*n = -i. What are the prime factors of n?
19
Suppose -5*x + 11 = 5*g - 29, -g + 2 = -5*x. Suppose -2*t = -g*t + 80. What are the prime factors of t?
2
Let m(o) be the third derivative of o**5/60 + o**4/6 - o**3/3 - o**2. Let d(a) = -2*a**2 - 3*a - 3. Let b be d(-2). List the prime factors of m(b).
3
Suppose 3*w + 15 = -2*w. Let i(n) = -n**3 - 2*n**2 + n + 2. Let o be i(w). List the prime factors of (-4)/o*(-4)/1.
2
Suppose -y + 8 = 2*d, y = -d + 6*y + 4. Suppose d*n + n = 25. What are the prime factors of n?
5
Let d be -3*(-4)/(-6)*-1. Suppose -d*j + 4*f = -3*j + 26, -152 = -4*j - 4*f. What are the prime factors of j?
2, 3, 7
Suppose -o + 2*c - 4 = 0, 2*c = -0*o + 5*o + 36. Let l = 14 + o. List the prime factors of l*(14/6 + -2).
2
Suppose -4*c = -2*c - 448. What are the prime factors of c?
2, 7
Let r = 4 + -4. Suppose 2*t + 0 - 12 = r. Let k = t - 3. List the prime factors of k.
3
What are the prime factors of 108/(-15)*(-10)/3?
2, 3
Let h = -11 + 64. Suppose 5*w - 7 = m - h, -2*m - w + 48 = 0. What are the prime factors of m?
2, 13
Suppose 5*j - 30 = -o, -5*j + 7 = -18. Suppose 26 = o*k - 9. Suppose 2*y - k = 1. List the prime factors of y.
2
Suppose 0 = -u - 2*u + 6. List the prime factors of (-5)/(-1) - u - -8.
11
Suppose 0*b + 10 = -b. Let g = b - -14. Suppose -13 = g*d - 33. What are the prime factors of d?
5
Suppose 3 - 83 = 5*n. Let w = n + 22. What are the prime factors of w?
2, 3
Let u(y) = 237*y - 6. What are the prime factors of u(1)?
3, 7, 11
What are the prime factors of (5/2 - 3)*-6?
3
Let w be (1 - 0)*9/3. What are the prime factors of (6/w)/2 + 14?
3, 5
Let r(u) = -u**2 + 13*u. Let f = 8 - 7. Let m(n) = n + 1. Let b(y) = f*r(y) - 5*m(y). What are the prime factors of b(5)?
2, 5
Let m = -198 - -246. List the prime factors of m.
2, 3
Suppose k - 5*f - 18 = 0, 2*f + 12 = 3*k - k. Suppose -2*z + 13 = -k. What are the prime factors of z?
2
Suppose 4*k - 3*n = -6*n + 34, -k = -4*n - 18. Let a(l) = l**2 - 6*l + 1. Let t be a(6). Let i = k - t. What are the prime factors of i?
3
Suppose -2*m + 5*m = 345. What are the prime factors of m?
5, 23
Suppose 0 = 3*f - 8*f - 400. Let w = -55 - f. What are the prime factors of w?
5
Let o(s) = 5*s + s**2 - 2*s**2 + 4*s**2 + 6. Let b be o(-4). Suppose -g + 4*c + 4 = c, 0 = 5*g - c - b. List the prime factors of g.
7
Let h = -2 + 216. List the prime factors of h.
2, 107
Let h = -3 + 4. Suppose f + h = 8. List the prime factors of f.
7
Let w = 135 + -94. List the prime factors of w.
41
Let z(b) = 3 + 4 - 23*b + 2*b**2 + 16*b - b**2. What are the prime factors of z(11)?
3, 17
Let l(c) = -2*c - 4 + c - 3 - c. Let p be 15/18*3*-2. List the prime factors of l(p).
3
What are the prime factors of (((-164)/3)/1)/(8/(-12))?
2, 41
Let c = 89 - 34. What are the prime factors of c?
5, 11
Suppose -4*f = 0, -i - f + 24 = 2*i. What are the prime factors of i?
2
Let h = 51 + -3. List the prime factors of h.
2, 3
Let c(n) = n - 1. Let h be c(6). Suppose -2*o + h = -11. List the prime factors of o.
2
What are the prime factors of 100/15 + 2/(-3)?
2, 3
Let f = -21 - -14. Let a(m) = 13*m**3 - 9*m**2 - 9*m + 9. Let b(t) = -7*t**3 + 4*t**2 + 4*t - 4. Let i(d) = f*b(d) - 3*a(d). What are the prime factors of i(1)?
3
Suppose 14*z - 128 = 12*z. List the prime factors of z.
2
Let m(d) = 13*d - 6. What are the prime factors of m(4)?
2, 23
Let p = 0 + 3. Suppose 0 = p*w - 17 - 13. Let j = 17 - w. What are the prime factors of j?
7
What are the prime factors of 9/(3 - 6) + 116?
113
Suppose -20 + 57 = t. Suppose -5*b + 47 = -4*l + 5*l, -l = 4*b - t. List the prime factors of b.
2, 5
Suppose 3*b + 3 = 0, -o - 5*b - 2 = -1. Suppose 73 = o*z + 5*r, -5*z = r - 62 - 45. What are the prime factors of z?
2, 11
Suppose -f - 14 = 4*j, -2*f = 3*f - 10. Let z(s) = 4*s - 24. Let b be z(8). Let u = j + b. List the prime factors of u.
2
Suppose -2*x = -m + 2*m - 351, 5*x = 4*m + 910. List the prime factors of x.
2, 89
Let o(u) = -7*u**3 - 8*u**2 - 5*u - 7. List the prime factors of o(-3).
5
Let d(s) = -s + 0*s - 7 + 6 + 8. List the prime factors of d(-5).
2, 3
Suppose -2*i + 6*i - 12 = 0. Let n be (-13)/i - (-2)/6. What are the prime factors of (1*-5)/(3 + n)?
5
Let v be 16/6*3/2. Let i be 3/12 - (-62)/8. List the prime factors of i/v + 14/2.
3
Let u(b) = -4*b - 4. What are the prime factors of u(-6)?
2, 5
Let p = 17 - 1. Let t = p - 9. List the prime factors of t.
7
Let f(y) = y**3 + 8*y**2 - 6*y + 5. Let t be f(-8). Suppose 69 = 2*g - t. Suppose 24 = 5*x - g. What are the prime factors of x?
17
Let s(w) = 6*w - 3. Let x be s(-7). Let v = -24 - x. List the prime factors of v.
3, 7
Suppose -2 - 4 = -2*g. Suppose 5 = -g*f + 2. What are the prime factors of (-12)/14*(-15 - f)?
2, 3
Let i = 186 - 56. What are the prime factors of (-2)/7 + i/14?
3
Let z(b) = b**3 - 5*b**2 + 4*b - 7. Let p be 6 - (-2)/(-8)*4. List the prime factors of z(p).
13
List the prime factors of 124*(-4)/(-8) + 1.
3, 7
Suppose 3 = q - 0. List the prime factors of ((-10)/(-6))/(q/9).
5
Let l = -17 - -4. 